{"id":21,"date":"2020-11-12T11:32:36","date_gmt":"2020-11-12T11:32:36","guid":{"rendered":"https:\/\/art-show.fr\/?page_id=21"},"modified":"2021-11-30T17:27:10","modified_gmt":"2021-11-30T17:27:10","slug":"contact","status":"publish","type":"page","link":"https:\/\/art-show.fr\/index.php\/contact\/","title":{"rendered":"Contact"},"content":{"rendered":"\n<p>Suivez nous sur :<\/p>\n\n\n\n<p><a rel=\"noreferrer noopener\" href=\"https:\/\/www.instagram.com\/art.show.lyon\/\" target=\"_blank\">Instagram<\/a><\/p>\n\n\n\n<p><a rel=\"noreferrer noopener\" href=\"https:\/\/www.facebook.com\/Asso.Art.Show\" target=\"_blank\">Facebook<\/a><\/p>\n\n\n\n<p>Mail :   asso.art.show@gmail.com <\/p>\n","protected":false},"excerpt":{"rendered":"<p>Suivez nous sur : Instagram Facebook Mail : asso.art.show@gmail.com<\/p>\n","protected":false},"author":1,"featured_media":0,"parent":0,"menu_order":0,"comment_status":"closed","ping_status":"closed","template":"","meta":{"spay_email":""},"tags":[],"jetpack-related-posts":[{"id":55,"url":"https:\/\/art-show.fr\/index.php\/mentions-legales\/","url_meta":{"origin":21,"position":0},"title":"Mentions L\u00e9gales","date":"12 novembre 2020","format":false,"excerpt":"Editeur, propri\u00e9taire et h\u00e9bergement du site Le site http:\/\/art-show.fr est un service de communication au public en ligne \u00e9dit\u00e9 \u00e0 titre non professionnel au sens de l\u2019article 6, III, 2\u00b0 de la loi 2004-575 du 21 juin 2004. Conform\u00e9ment aux dispositions de cet article, son \u00e9diteur a choisi de rester\u2026","rel":"","context":"Article similaire","img":{"alt_text":"","src":"","width":0,"height":0},"classes":[]}],"_links":{"self":[{"href":"https:\/\/art-show.fr\/index.php\/wp-json\/wp\/v2\/pages\/21"}],"collection":[{"href":"https:\/\/art-show.fr\/index.php\/wp-json\/wp\/v2\/pages"}],"about":[{"href":"https:\/\/art-show.fr\/index.php\/wp-json\/wp\/v2\/types\/page"}],"author":[{"embeddable":true,"href":"https:\/\/art-show.fr\/index.php\/wp-json\/wp\/v2\/users\/1"}],"replies":[{"embeddable":true,"href":"https:\/\/art-show.fr\/index.php\/wp-json\/wp\/v2\/comments?post=21"}],"version-history":[{"count":5,"href":"https:\/\/art-show.fr\/index.php\/wp-json\/wp\/v2\/pages\/21\/revisions"}],"predecessor-version":[{"id":356,"href":"https:\/\/art-show.fr\/index.php\/wp-json\/wp\/v2\/pages\/21\/revisions\/356"}],"wp:attachment":[{"href":"https:\/\/art-show.fr\/index.php\/wp-json\/wp\/v2\/media?parent=21"}],"wp:term":[{"taxonomy":"post_tag","embeddable":true,"href":"https:\/\/art-show.fr\/index.php\/wp-json\/wp\/v2\/tags?post=21"}],"curies":[{"name":"wp","href":"https:\/\/api.w.org\/{rel}","templated":true}]}}